 10101100 (base 2) to base 14.
c4
What is 22121022 (base 3) in base 6?
45012
What is 1a1b (base 14) in base 12?
28a1
What is 62c7 (base 16) in base 2?
110001011000111
What is -4413 (base 5) in base 11?
-503
10202012 (base 3) to base 13
1322
-11000111101 (base 2) to base 16
-63d
-7899 (base 12) to base 3
-200100000
What is -2a68 (base 14) in base 4?
-1311310
Convert -150555 (base 6) to base 13.
-6782
What is -10212 (base 3) in base 16?
-68
Convert 2778 (base 12) to base 15.
153b
Convert 10000113 (base 4) to base 9.
24450
Convert 633 (base 8) to base 15.
1c6
-13661 (base 9) to base 13
-42c7
bf (base 16) to base 12
13b
Convert -1122222 (base 3) to base 12.
-852
-211121102 (base 3) to base 4
-10001201
Convert -fc9 (base 16) to base 2.
-111111001001
Convert -118 (base 12) to base 2.
-10100100
Convert -94e4 (base 16) to base 13.
-14470
-101220120 (base 3) to base 12
-4729
-3350 (base 6) to base 2
-1100010010
Convert 1937 (base 15) to base 11.
4107
Convert 221201 (base 3) to base 4.
22312
Convert 24b (base 14) to base 13.
294
Convert 11101000100 (base 2) to base 7.
5265
22c5 (base 13) to base 15
16b3
What is -10121102 (base 3) in base 7?
-10445
What is -10040 (base 8) in base 16?
-1020
Convert 4a6 (base 11) to base 14.
30c
What is -adc6 (base 15) in base 4?
-20333331
41498 (base 11) to base 7
341226
-97 (base 13) to base 10
-124
What is 46 (base 12) in base 8?
66
6b39 (base 12) to base 15
384c
Convert -331 (base 10) to base 16.
-14b
What is 868 (base 13) in base 14?
74a
-341323 (base 5) to base 4
-2330320
What is 20415 (base 7) in base 9?
6776
43607 (base 9) to base 10
28924
What is 74a (base 15) in base 12?
b51
What is 562 (base 9) in base 12?
325
Convert -212122 (base 3) to base 11.
-530
-10010100000 (base 2) to base 16
-4a0
What is 11042 (base 9) in base 12?
42a8
-2191 (base 10) to base 12
-1327
What is 1200220 (base 3) in base 4?
103113
What is 1a29 (base 11) in base 12?
15a4
Convert -111010010110 (base 2) to base 14.
-150a
What is -221434 (base 6) in base 5?
-1043101
-22210200 (base 3) to base 10
-6417
What is -a4 (base 14) in base 3?
-12100
31321312 (base 4) to base 8
157166
12282 (base 9) to base 15
26a5
-748c (base 15) to base 14
-8db3
What is -457 (base 10) in base 15?
-207
What is -43a (base 11) in base 7?
-1352
What is -11 (base 3) in base 11?
-4
Convert -20000001 (base 3) to base 6.
-32131
34242 (base 6) to base 10
4850
What is c3 (base 16) in base 2?
11000011
-49 (base 10) to base 3
-1211
100101010010 (base 2) to base 6
15014
7907 (base 13) to base 15
5022
Convert 33626 (base 8) to base 14.
5286
Convert 6250 (base 10) to base 4.
1201222
Convert -6365 (base 7) to base 10.
-2252
27a3 (base 13) to base 3
21211111
Convert -101010010 (base 2) to base 3.
-110112
-187aa (base 11) to base 15
-7ba6
What is 1aa (base 13) in base 6?
1233
-55c (base 15) to base 13
-723
What is 65a (base 12) in base 13?
56b
Convert -352 (base 10) to base 4.
-11200
Convert -2062 (base 8) to base 7.
-3063
-7421 (base 11) to base 5
-303244
Convert 467e (base 15) to base 5.
434334
1183 (base 9) to base 11
735
Convert b6c (base 16) to base 14.
10cc
396 (base 12) to base 14
2b0
Convert ec8 (base 16) to base 5.
110114
Convert -11134 (base 5) to base 10.
-794
What is -4121 (base 5) in base 4?
-20120
What is -1110101010 (base 2) in base 7?
-2510
Convert -10111010111100 (base 2) to base 7.
-46611
Convert -55131 (base 6) to base 13.
-360a
-22301311 (base 4) to base 16
-ac75
What is 1041 (base 9) in base 11?
637
-289 (base 12) to base 13
-243
What is -2323 (base 12) in base 11?
-2a3a
What is 20302201 (base 4) in base 9?
54341
-231141 (base 6) to base 12
-b4b1
Convert -164 (base 9) to base 8.
-213
What is -12111212 (base 3) in base 16?
-fb3
What is -1001101010001 (base 2) in base 9?
-6704
What is -13588 (base 10) in base 16?
-3514
Convert 3231 (base 4) to base 3.
22210
Convert -5a1 (base 16) to base 9.
-1871
135240 (base 7) to base 10
25851
Convert -a96 (base 11) to base 6.
-10031
26b0 (base 16) to base 14
3876
Convert 20130 (base 6) to base 7.
10500
Convert -497 (base 13) to base 12.
-568
What is -400 (base 5) in base 10?
-100
Convert 10120012 (base 3) to base 14.
d37
-260a (base 12) to base 4
-1003222
Convert 10131 (base 4) to base 9.
346
2130001 (base 5) to base 7
210455
Convert 4644 (base 11) to base 4.
1133102
Convert -1123 (base 13) to base 12.
-1477
Convert 23a4 (base 16) to base 13.
41cb
What is -1011001000000 (base 2) in base 5?
-140241
37051 (base 9) to base 15
7557
-22f (base 16) to base 15
-274
-1730 (base 13) to base 3
-11200122
What is -591 (base 13) in base 11?
-7a6
What is -1a184 (base 11) in base 14?
-a39a
Convert a20 (base 16) to base 9.
3500
Convert 1570 (base 8) to base 13.
534
Convert -1b5 (base 12) to base 9.
-342
What is 152321 (base 7) in base 10?
29660
37a3 (base 16) to base 4
3132203
-3110 (base 6) to base 2
-1010110010
-15521 (base 9) to base 3
-112120201
Convert b65 (base 15) to base 12.
15a2
-1a8 (base 16) to base 9
-521
-1120122111 (base 3) to base 6
-355534
Convert 1032003 (base 4) to base 13.
2373
Convert -1111100 (base 2) to base 9.
-147
Convert -16733 (base 9) to base 4.
-2310030
2642 (base 13) to base 2
1010101010110
What is 17a34 (base 15) in base 16?
12b05
31301033 (base 4) to base 6
1113035
What is -253261 (base 7) in base 8?
-133305
What is -421 (base 11) in base 8?
-773
Convert -304045 (base 6) to base 14.
-8b81
-1040214 (base 5) to base 13
-837a
Convert -21305 (base 6) to base 10.
-2921
What is 1113020 (base 4) in base 7?
22154
What is -19529 (base 10) in base 7?
-110636
15315 (base 8) to base 4
1223031
7083 (base 11) to base 14
3600
What is 245 (base 6) in base 3?
10202
What is 3ea (base 16) in base 13?
5c1
210120122 (base 3) to base 14
5a39
What is 74aa (base 14) in base 15?
5e7c
What is 2 (base 9) in base 12?
2
What is 554545 (base 6) in base 15?
db58
What is -15482 (base 11) in base 12?
-107a6
22303122 (base 4) to base 5
2404000
Convert -10200 (base 3) to base 7.
-201
-218 (base 11) to base 5
-2021
What is -1010001010 (base 2) in base 8?
-1212
Convert -1333330 (base 4) to base 14.
-2dac
Convert -11131 (base 12) to base 3.
-1011001201
What is -10111010110000 (base 2) in base 12?
-6b00
-1a3 (base 12) to base 9
-326
10031 (base 7) to base 9
3282
Convert -45425 (base 9) to base 16.
-761c
-112 (base 7) to base 3
-2011
What is -10201011 (base 3) in base 7?
-10612
1231132 (base 4) to base 10
7006
Convert -129 (base 13) to base 15.
-d9
-3046 (base 9) to base 5
-32404
What is 424 (base 7) in base 14?
114
Convert -3026 (base 10) to base 8.
-5722
-2484 (base 13) to base 5
-131203
1033 (base 4) to base 16
4f
817 (base 14) to base 13
953
What is -110110100 (base 2) in base 11?
-367
What is da (base 16) in base 2?
11011010
1809 (base 14) to base 16
10e1
Convert 13984 (base 12) to base 6.
330244
Convert 1298b (base 14) to base 12.
225bb
Convert 1293 (base 16) to base 6.
34003
Convert 3122 (base 4) to base 12.
162
-5134 (base 6) to base 16
-472
What is -1729 (base 16) in base 3?
-22010121
What is 466 (base 16) in base 5?
14001
Convert -3238 (base 11) to base 16.
-10b4
What is 1b5a (base 14) in base 4?
1031310
Convert -c09 (base 15) to base 14.
-db7
-216664 (base 7) to base 5
-2212123
-10011101010 (base 2) to base 9
-1647
What is -212 (base 13) in base 15?
-188
What is 10123311 (base 4) in base 16?
46f5
What is -10002200 (base 3) in base 8?
-4323
Convert 936 (base 11) to base 5.
14003
90 (base 13) to base 3
11100
Convert -736 (base 16) to base 6.
-12314
3ab (base 16) to base 4
32223
Convert 130014 (base 6) to base 5.
333144
What is 78c (base 14) in base 5?
21441
-3137 (base 8) to base 13
-986
What is 584 (base 9) in base 7?
1255
Convert -1a3 (base 15) to base 3.
-112000
What is -665 (base 9) in base 14?
-2ad
What is 3237 (base 9) in base 8?
4517
What is -3460 (base 8) in base 12?
-1094
-1111100 (base 2) to base 10
-124
Convert 3198 (base 16) to base 5.
401241
-789 (base 10) to base 9
-1066
What is -9484 (base 11) in base 10?
-12555
52 (base 14) to base 5
242
-150034 (base 6) to base 10
-14278
Convert -3303 (base 5) to base 11.
-382
Convert 9a1 (base 12) to base 8.
2611
Convert 112010 (base 3) to base 10.
381
-4355 (base 8) to base 7
-6443
Convert 1071 (base 9) to base 4.
30121
What is -126 (base 9) in base 7?
-210
-5ab (base 14) to base 5
-14011
W